 25 = -a. What are the prime factors of c?
3, 7
Let g = -132 + 186. What are the prime factors of g?
2, 3
Let i = 561 - 209. What are the prime factors of i?
2, 11
What are the prime factors of 4/5*3465/22?
2, 3, 7
Suppose 3*m - 3*x - 2*x - 22 = 0, m - 10 = x. What are the prime factors of m?
2, 7
Let i(t) = -t**3 - 2*t**2 - t + 1. Let j = 6 + -9. What are the prime factors of i(j)?
13
Let i(b) = b + 4. Let t be i(-7). Let u be (-6)/(-3)*(1 + t). List the prime factors of ((-18)/(-21))/(u/(-56)).
2, 3
Let g(s) = -2*s - 4. Let a be g(-3). Suppose a*h = 2*d + 2*d + 24, d = 0. What are the prime factors of h?
2, 3
Let j(h) = -2*h**2 - 17*h + 13. Let p be j(-9). Let x(z) = 4*z**2 - 5*z + 1. What are the prime factors of x(p)?
3, 5
Suppose 9 = 4*q - 3. Suppose 0 = -v - q*i + 1, -v = -4*v - i + 3. What are the prime factors of (-54)/(-4) + v/(-2)?
13
Let v(i) = 6*i + 8. Let n(k) = -7*k - 9. Let g(u) = 5*n(u) + 6*v(u). List the prime factors of g(4).
7
Let x be 2 + 2/(2 + -1). Suppose 3*m - 5 = x. List the prime factors of m.
3
Let l = 313 - 67. Let m be (4/12)/(2/l). Let f = m + -27. List the prime factors of f.
2, 7
Suppose 0 = x + 2*z - 5, z = -3*x + x + 16. What are the prime factors of x?
3
Suppose 3*f + 3*j = 14 + 16, -2*f + 32 = 5*j. Let c = f - -3. List the prime factors of c.
3
Let d = -51 - -88. List the prime factors of d.
37
Let v(g) = 5*g - 17. Let b be v(8). Let l = b - 10. List the prime factors of l.
13
Let w = 34 - 8. Let l(v) = v**3 - 8*v**2 - v + 11. Let o be l(8). Suppose 0*m - m + w = o*y, 2*m - 43 = -5*y. What are the prime factors of y?
3
Suppose 0*q + 3*q + 36 = 0. Let b = 27 + q. What are the prime factors of b?
3, 5
Let y(j) = -2*j + 2 + 4*j**2 - 1 + 0*j - 2*j**2 + 56*j**3. List the prime factors of y(1).
3, 19
Suppose 7*v - 22 = 636. What are the prime factors of v?
2, 47
Suppose 4*h - 2*s = -0*s + 438, -2*h - s + 217 = 0. What are the prime factors of h?
109
Let j(i) = 2*i + 1. Let l be j(-3). Let u(p) = -8*p + 3. List the prime factors of u(l).
43
Let h = -4 + 7. Suppose m = -h*k + 23, k - 135 = -5*m - 4*k. What are the prime factors of m?
29
Let k(r) = -r**3 - 4*r**2 - 5*r - 3. Let l be k(-3). Let p be l/2 - 12/(-8). Suppose p*m - m - 24 = 0. What are the prime factors of m?
2, 3
Let a = 103 - 60. List the prime factors of a.
43
Suppose 5 = 5*j - 15. List the prime factors of j.
2
Let z = 0 - -1. Suppose 3 = t - z. Suppose g + 0*g - t = 0. What are the prime factors of g?
2
Let y = -496 + 712. List the prime factors of y.
2, 3
Suppose 0 = 3*k + 2*k. Suppose -2*y + y + 23 = k. List the prime factors of y.
23
Let o be (125/(-10))/(1/2). Let y be -1 + (2 + -1 - -37). Let d = y + o. What are the prime factors of d?
2, 3
Let r be ((-130)/(-4))/((-1)/(-2)). Suppose 0 = f - 3*d - 5 - 8, -r = -4*f - d. What are the prime factors of f?
2
Let t = 107 - 71. What are the prime factors of t?
2, 3
Suppose 4*m - 3 = 5. Suppose -3*q = -q - m. Let p = q + 12. What are the prime factors of p?
13
Let w(r) = -r**2 - 31*r + 51. What are the prime factors of w(-23)?
5, 47
Let s be (-9)/6*(-80)/15. Let d = s - 1. What are the prime factors of d?
7
Let j(o) = -o + 19. Let h be j(0). Let z = h + -8. Let a = 16 - z. List the prime factors of a.
5
Let g be -1 - -2 - (-2 + 1). Suppose -b = -3 - g. Suppose -4*f + b*z = -44, 3*f - 13 + 3 = -2*z. What are the prime factors of f?
2, 3
Let i(w) = -w**3 - 7*w**2 - 7*w - 4. Let b be (30/25)/((-2)/10). Let m be i(b). Let l = 5 - m. List the prime factors of l.
3
Let j(i) = i. Let w be j(2). Suppose w*d = -3*d + 30. What are the prime factors of d?
2, 3
Let j(a) = -9*a**3 - 3*a - 2*a**3 + 5*a**2 + 10*a**3 - 1. Let z = 2 - -1. List the prime factors of j(z).
2
Let n = -3 - -5. Suppose -n = -r - 0. Suppose c + r*c - 45 = 0. What are the prime factors of c?
3, 5
Let k be 0 + -3*(-159)/9. Suppose -y = -b - 0*y + 20, 0 = -3*b - 4*y + k. List the prime factors of b.
19
Let o(u) = 52*u + 6. List the prime factors of o(1).
2, 29
Let t be (-2)/4 - (-51)/6. Let g = t - 6. List the prime factors of g.
2
Let k(c) = c**3 - 4*c**2 + 3*c - 1. Let y be k(2). Let o(t) = -t**3 + t**2 + 4*t + 1. List the prime factors of o(y).
5
Let g(u) = u**3 + u**2 + 12*u - 1. Let h(l) = -l**3 - 2*l**2 - 11*l + 2. Let y(s) = 5*g(s) + 6*h(s). Suppose 0 = d + 5 + 1. List the prime factors of y(d).
7
Let y be (-1)/(0 + -1)*8. Let h(q) = 3 + 0 + 2*q - 10. List the prime factors of h(y).
3
Suppose 2*z - 5*z + 42 = -2*y, -z + 3 = 3*y. Suppose 0*v - 3*v = q - 3, 0 = -q + 3*v - 3. Suppose q = -0*c - 4*c + z. List the prime factors of c.
3
Suppose 5*u + 2*q = 213, -2*u + 59 + 25 = 2*q. Suppose 4*t + 5*w = 24 + u, t = -2*w + 19. What are the prime factors of t?
13
Let n be 49*(-4 + 9/3). List the prime factors of n*((-2)/(-1) - 3).
7
Let n(a) = a**3 - 6*a**2 - 6*a - 3. Let f be n(7). Let c(o) = -2*o + 3. Let h(j) = j - 1. Let w(g) = c(g) + 3*h(g). What are the prime factors of w(f)?
2
Suppose -3*m + 5*b + 8 + 16 = 0, -2*m - 4*b = 6. Suppose 0 = -4*y + m*y + 11. What are the prime factors of y?
11
Suppose -2*z + 46 = 3*b + b, -5*z + 2*b + 67 = 0. Suppose -4*w - w = -z. List the prime factors of w.
3
Let z = 307 + -184. What are the prime factors of z?
3, 41
Let w = -507 - -877. What are the prime factors of w?
2, 5, 37
Suppose 2*r - 26 = -4. List the prime factors of r.
11
Suppose 278 = 2*r - 3*m, 2*m + 276 = 7*r - 5*r. List the prime factors of r.
2, 17
Suppose -78 = -2*k - 62. What are the prime factors of k?
2
Let t = -4 - -8. Let p be 33/t - 2/8. Suppose -4*j - 48 = -p*j. List the prime factors of j.
2, 3
Let y(l) = 2*l**3 - 8*l - 4. List the prime factors of y(4).
2, 23
What are the prime factors of -35*((-36)/30 - 0)?
2, 3, 7
Let k(g) = -6*g - 8. What are the prime factors of k(-6)?
2, 7
Let h(d) = -d**2 + 8*d + 9. Let n be h(9). Suppose n*i - i = -4. List the prime factors of 5 - i - 16/(-2).
3
Let d = 57 - -17. List the prime factors of d.
2, 37
Let x(f) = f**3 + 10*f**2 + 8*f + 6. Let l be x(-9). Suppose 14 - 50 = -4*d. Let w = l - d. List the prime factors of w.
2, 3
Suppose 651 = 4*a + 191. Suppose -3*t + 14 + a = 0. Suppose -t + 4 = -3*h. List the prime factors of h.
13
Suppose 5*f + 5*t = 1665, -3*f - 7*t + 994 = -3*t. List the prime factors of f.
2, 13
Suppose -1 = -3*v - 16, -2*q = -4*v - 56. Let s = 7 - 3. Suppose k = s*k - q. List the prime factors of k.
2, 3
Suppose 96 = 5*s - a + 2*a, -41 = -2*s - 3*a. List the prime factors of s.
19
Let t = -2 + 7. Suppose 100 = i - t*i. Let x = i - -37. List the prime factors of x.
2, 3
What are the prime factors of (-3)/(-4)*2 - 1173/(-6)?
197
Suppose -5*w = 2*f + 9, -3*f - 5 = -2*w - 1. Let j(c) = -2*c - 4. Let m be j(-5). What are the prime factors of 24*(-3)/m*w?
2, 3
Suppose -5*t + 8*t - 12 = 0. What are the prime factors of t?
2
Let v(j) = -j**2 - 25*j + 47. List the prime factors of v(-21).
131
Let l = 77 - 65. What are the prime factors of l?
2, 3
Let f = -17 + 27. Let b = 4 - f. List the prime factors of (b + (-3 - -5))/(-1).
2
Suppose -33 = -5*x + r + 57, -4*x + r + 73 = 0. Suppose 5*z = v - x, z - 8 + 3 = -v. List the prime factors of v.
7
Let v be (3/6)/(1/8). Suppose -4*k + 3*j + 0*j = -50, 4*j - 36 = -v*k. What are the prime factors of k?
11
Let l = 7 - -2. Let s be 1/((-21)/l + 2). Let q = 3 - s. List the prime factors of q.
2, 3
Let t(m) = -3*m + 10. Let n(y) = 2*y - 9. Let h(s) = -5*n(s) - 4*t(s). Let l be h(-4). What are the prime factors of l - -14*3/2?
2, 3
Suppose 13*a - 337 = 573. What are the prime factors of a?
2, 5, 7
Let i(w) = 4*w**3 - w**2 + 1. Let q be i(1). Suppose -b = q*b. Suppose b = 2*r - 19 + 7. List the prime factors of r.
2, 3
Let b(s) = -s**2 + 7*s - 8. Let c be b(7). Let h = c - -10. What are the prime factors of h?
2
Let k(n) = 12*n. Let g be k(2). What are the prime factors of 4/g - 166/(-12)?
2, 7
Suppose 19 = 4*x + 59. Let y = 8 + x. What are the prime factors of 4 - y - (-4)/4?
7
List the prime factors of 63/(-21) - ((1 - 0) + -360).
2, 89
What are the prime factors of (-3)/5 + ((-7158)/(-30) - 5)?
233
Let r(v) = -3*v + 1. Let g be r(3). What are the prime factors of (g/(-10))/((-1)/(-10))?
2
Let x(p) = -p**3 + 2*p**2 + 1. Let u be x(2). Let b = u - -1. Suppose 5*z = -15, -b*i + 4*z - 4 + 30 = 0. List the prime factors of i.
7
Let j be (60/8)/(2/4)